1120
Convert 36 (base 11) to base 5.
124
What is 0 (base 3) in base 11?
0
Convert 0 (base 7) to base 3.
0
Convert 5 (base 8) to base 16.
5
-2 (base 15) to base 6
-2
476 (base 9) to base 7
1101
41 (base 7) to base 5
104
Convert -31 (base 6) to base 15.
-14
-8 (base 14) to base 7
-11
What is 8 (base 13) in base 3?
22
Convert 4 (base 12) to base 7.
4
What is 51 (base 15) in base 8?
114
Convert 1b (base 16) to base 2.
11011
Convert 4 (base 10) to base 3.
11
31 (base 14) to base 8
53
Convert 2 (base 6) to base 5.
2
What is 7a (base 13) in base 11?
92
Convert a (base 16) to base 14.
a
Convert -12 (base 8) to base 13.
-a
Convert -1 (base 6) to base 2.
-1
Convert -72 (base 15) to base 12.
-8b
What is -1 (base 4) in base 12?
-1
-a (base 13) to base 14
-a
What is 3 (base 8) in base 11?
3
What is -4 (base 5) in base 9?
-4
-5 (base 13) to base 5
-10
Convert 3 (base 15) to base 11.
3
What is -155 (base 12) in base 13?
-131
Convert 6a (base 14) to base 5.
334
Convert -1 (base 5) to base 9.
-1
What is -a (base 15) in base 2?
-1010
Convert -136 (base 8) to base 7.
-163
57 (base 8) to base 14
35
Convert -4a (base 14) to base 5.
-231
141 (base 10) to base 2
10001101
Convert -128 (base 9) to base 10.
-107
What is e (base 15) in base 7?
20
What is -3 (base 11) in base 3?
-10
Convert 101 (base 3) to base 6.
14
What is d (base 14) in base 16?
d
12 (base 4) to base 12
6
-8 (base 13) to base 14
-8
Convert -512 (base 7) to base 10.
-254
-6 (base 13) to base 10
-6
Convert 2 (base 10) to base 5.
2
-13 (base 7) to base 11
-a
What is -1 (base 9) in base 2?
-1
Convert 6 (base 15) to base 2.
110
293 (base 12) to base 10
399
Convert -2 (base 9) to base 7.
-2
Convert -30 (base 9) to base 15.
-1c
Convert 2 (base 8) to base 16.
2
32 (base 4) to base 9
15
What is 1 (base 3) in base 14?
1
2222 (base 4) to base 5
1140
What is -24 (base 6) in base 13?
-13
What is -73 (base 15) in base 11?
-99
What is 2b (base 13) in base 3?
1101
-14 (base 10) to base 9
-15
111 (base 2) to base 8
7
What is -120 (base 12) in base 2?
-10101000
Convert 22 (base 5) to base 7.
15
What is -1 (base 10) in base 8?
-1
Convert 13 (base 6) to base 15.
9
Convert 37 (base 9) to base 3.
1021
What is -4 (base 5) in base 13?
-4
What is 1111 (base 2) in base 15?
10
2210 (base 4) to base 5
1124
-75 (base 9) to base 3
-2112
Convert -16 (base 16) to base 2.
-10110
2 (base 10) to base 5
2
4 (base 7) to base 16
4
What is 20 (base 3) in base 12?
6
205 (base 11) to base 8
367
What is 68 (base 13) in base 4?
1112
Convert 3 (base 4) to base 14.
3
What is -3 (base 15) in base 5?
-3
-10001 (base 2) to base 14
-13
Convert 101000 (base 2) to base 5.
130
What is -81 (base 12) in base 6?
-241
Convert 32 (base 4) to base 5.
24
Convert -2202 (base 3) to base 4.
-1022
-21 (base 4) to base 7
-12
What is 1 (base 9) in base 3?
1
-506 (base 7) to base 14
-13d
1010 (base 2) to base 8
12
Convert 12 (base 10) to base 12.
10
Convert 3 (base 7) to base 15.
3
-1aa (base 13) to base 4
-10311
111 (base 2) to base 8
7
What is -39 (base 12) in base 2?
-101101
What is 36 (base 13) in base 10?
45
-133 (base 9) to base 14
-7d
Convert -100 (base 4) to base 15.
-11
Convert -304 (base 5) to base 14.
-59
-4 (base 14) to base 13
-4
Convert -100 (base 3) to base 5.
-14
What is 166 (base 12) in base 15?
ec
Convert 62 (base 8) to base 6.
122
What is -3 (base 15) in base 14?
-3
What is -3 (base 12) in base 7?
-3
77 (base 9) to base 13
55
What is 230 (base 5) in base 11?
5a
Convert 4 (base 6) to base 14.
4
-b (base 14) to base 2
-1011
Convert 88 (base 10) to base 11.
80
-10 (base 3) to base 10
-3
Convert 2 (base 3) to base 10.
2
What is 33 (base 5) in base 7?
24
Convert -31 (base 9) to base 2.
-11100
Convert -23 (base 13) to base 7.
-41
What is 6 (base 14) in base 16?
6
What is 0 (base 9) in base 12?
0
-2 (base 13) to base 14
-2
Convert -3 (base 6) to base 8.
-3
8 (base 12) to base 11
8
3 (base 4) to base 11
3
Convert -46 (base 11) to base 2.
-110010
What is a (base 14) in base 7?
13
210 (base 3) to base 14
17
What is 1 (base 3) in base 12?
1
20 (base 5) to base 4
22
What is 11 (base 6) in base 11?
7
What is 9 (base 12) in base 14?
9
What is 1 (base 12) in base 13?
1
Convert 51 (base 14) to base 4.
1013
What is 0 (base 9) in base 13?
0
-5 (base 12) to base 13
-5
What is -7 (base 11) in base 3?
-21
What is -2 (base 5) in base 15?
-2
-3 (base 6) to base 11
-3
-6 (base 11) to base 14
-6
-179 (base 14) to base 2
-100101111
What is -1 (base 15) in base 6?
-1
Convert -12 (base 8) to base 10.
-10
Convert -13 (base 15) to base 7.
-24
Convert 1010 (base 4) to base 12.
58
Convert -2 (base 6) to base 16.
-2
Convert -1 (base 8) to base 16.
-1
What is 36 (base 13) in base 2?
101101
2 (base 10) to base 2
10
What is 3 (base 10) in base 13?
3
Convert -12 (base 3) to base 13.
-5
5b (base 12) to base 11
65
-31 (base 5) to base 9
-17
Convert 442 (base 9) to base 10.
362
-1145 (base 6) to base 16
-119
What is -10000101 (base 2) in base 4?
-2011
-16 (base 8) to base 15
-e
Convert 4 (base 14) to base 10.
4
Convert -17 (base 13) to base 5.
-40
What is -4 (base 8) in base 2?
-100
What is -65 (base 7) in base 5?
-142
-2 (base 3) to base 9
-2
-10001 (base 2) to base 8
-21
What is -113 (base 10) in base 2?
-1110001
What is 4 (base 8) in base 13?
4
What is 210 (base 11) in base 8?
375
-10 (base 4) to base 10
-4
Convert 10 (base 10) to base 13.
a
What is 10 (base 16) in base 13?
13
13 (base 5) to base 16
8
What is -252 (base 9) in base 6?
-545
What is -5 (base 12) in base 2?
-101
Convert 13 (base 9) to base 2.
1100
Convert 22 (base 4) to base 2.
1010
What is 12 (base 5) in base 14?
7
Convert 6 (base 16) to base 2.
110
What is -1 (base 5) in base 12?
-1
What is -1 (base 5) in base 15?
-1
What is 0 (base 16) in base 3?
0
Convert -5 (base 7) to base 9.
-5
-5 (base 8) to base 13
-5
Convert -11 (base 3) to base 15.
-4
Convert 2 (base 13) to base 12.
2
What is -4 (base 7) in base 8?
-4
What is 10 (base 2) in base 15?
2
Convert 22 (base 7) to base 4.
100
Convert 2 (base 12) to base 7.
2
What is 110 (base 3) in base 10?
12
What is 3 (base 6) in base 16?
3
Convert 143 (base 13) to base 10.
224
What is -5 (base 14) in base 9?
-5
Convert 57 (base 9) to base 12.
44
-3 (base 9) to base 12
-3
0 (base 7) to base 3
0
What is 5 (base 13) in base 14?
5
-1310 (base 4) to base 14
-84
Convert -39 (base 12) to base 7.
-63
What is 0 (base 9) in base 13?
0
32 (base 10) to base 12
28
Convert -7 (base 12) to base 11.
-7
-403 (base 7) to base 14
-103
What is -36 (base 16) in base 12?
-46
What is 0 (base 6) in base 11?
0
Convert -12 (base 11) to base 2.
-1101
-2 (base 13) to base 10
-2
What is -13 (base 10) in base 6?
-21
Convert -14 (base 8) to base 16.
-c
5 (base 6) to base 12
5
What is 110 (base 3) in base 10?
12
111 (base 8) to base 9
81
Convert 1 (base 12) to base 5.
1
Convert -31 (base 10) to base 9.
-34
Convert 3 (base 15) to base 11.
3
Convert -18 (base 11) to base 14.
-15
Convert 1 (base 2) to base 4.
1
What is 28 (base 11) in base 14?
22
Convert -3 (base 5) to base 4.
-3
-11 (base 8) to base 10
-9
What is -441 (base 6) in base 3?
-20021
What is -13 (base 7) in base 9?
-11
-5 (base 16) to base 7
-5
-1001 (base 2) to base 9
-10
1 (base 10) to base 12
1
What is 13 (base 6) in base 14?
9
8 (base 15) to base 2
1000
What is -2 (base 16) in base 2?
-10
What is -3 (base 7) in base 9?
-3
What is -2 (base 14) in base 2?
-10
What is -1d (base 14) in base 12?
-23
What is c (base 16) in base 5?
22
What is -4 (base 11) in base 7?
-4
What is 16 (base 12) in base 3?
200
Convert 101 (base 10) to base 16.
65
What is -5 (base 15) in base 10?
-5
What is 4 (base 6) in base 15?
4
Convert 8 (base 13) to base 10.
8
27 (base 9) to base 15
1a
What is 27 (base 15) in base 16?
25
Convert 10110 (base 2) to base 8.
26
What is 11 (base 7) in base 2?
1000
What is 39 (base 11) in base 3?
1120
-3 (base 7) to base 4
-3
What is -3 (base 13) in base 9?
-3
Convert -8 (base 16) to base 4.
-20
Convert -86 (base 16) to base 12.
-b2
What is 2 (base 15) in base 5?
2
What is 32 (base 8) in base 11?
24
What is -27 (base 9) in base 15?
-1a
32 (base 5) to base 8
21
Convert 11 (base 13) to base 2.
1110
What is -3 (base 8) in base 13?
-3
Convert -28 (base 10) to base 4.
-130
Convert 1 (base 16) to base 10.
1
2 (base 8) to base 2
10
Convert 1021 (bas